 hundreds digit of (347160/50)/(-33)*(1 + 0 + -81)?
8
What is the tens digit of ((-73464832)/37)/(-28) - -2*5?
2
Let j(d) = 3*d + 3. Let x be j(-1). Let c = -28 + 68. Suppose -u + 2*h = h - c, x = -5*u - 5*h + 230. What is the units digit of u?
3
Let k(m) = 70*m + 121. Let t(x) = -14*x - 25. Let f(q) = -6*k(q) - 33*t(q). What is the hundreds digit of f(9)?
4
Let k be ((-3180)/(-18))/((-1)/(-6)). Let o = 1592 - k. What is the tens digit of o?
3
Suppose 0 = -19*r - 17660 + 55280. Suppose -81*v - r = -99*v. What is the units digit of v?
0
Let r(f) = 11*f**3 + 10*f**2 - 2*f + 19. Let w(s) = 2*s**3 + s**2 - s + 1. Let h(p) = r(p) - w(p). What is the tens digit of h(4)?
3
Let o be 48/108 + 0 + 31/(-9). Let s be (3 + -1)/((-2)/(-201)). Let h = s - o. What is the tens digit of h?
0
Let c(g) = -9*g**3 + 41*g**2 - 51*g + 116. Let u(l) = 7*l**3 - 40*l**2 + 52*l - 115. Let r(t) = 3*c(t) + 4*u(t). What is the tens digit of r(36)?
7
Suppose 3*f - 40202 + 8720 = 0. Suppose -10*k = 12*k - f. What is the hundreds digit of k?
4
What is the thousands digit of 3/((-18)/18015)*-2?
6
Let s = 25485 + 22441. What is the thousands digit of s?
7
Let u = -333 + 405. Suppose -81*o + 2142 = -u*o. What is the units digit of o?
8
Let c(v) = 1081*v - 7399. What is the ten thousands digit of c(21)?
1
Let d(k) = -k**2 - k + 4. Let t be d(0). Let x = 135 + -131. Suppose 0 = -t*n - x*r + 132, 3*n + 4*r = 91 + 7. What is the units digit of n?
4
Suppose -81*q - 22361 = -204125. What is the tens digit of q?
4
Let d = -9218 - -14901. What is the thousands digit of d?
5
Let z(m) = 1503*m**2 + 75*m - 185. What is the units digit of z(3)?
7
Let c(w) = -5*w + 50 - 120 + 55. Suppose 3*m + 48 - 15 = 0. What is the units digit of c(m)?
0
Let z(f) = f**3 - 11*f**2 - 32*f + 16. Let m(p) = -13*p + 53. Let j be m(3). What is the tens digit of z(j)?
5
Let j = 103 + -30. Suppose a - j - 418 = 0. Suppose 10*v - 429 - a = 0. What is the tens digit of v?
9
Let k(l) be the third derivative of 61*l**5/20 - 13*l**4/24 - 3*l**3/2 - 183*l**2. What is the units digit of k(-3)?
7
What is the ten thousands digit of (-177771)/(-22)*4 - -18?
3
Let n(g) = -g + 10. Let o be n(3). Suppose 20*z - 4355 = o*z. What is the tens digit of z?
3
Let x(j) = -2 - 175*j**2 - 2*j + 87*j**2 - 227*j**3 + 27*j**3 + 86*j**2. What is the units digit of x(-1)?
8
Let h(r) = r + 2. Let g be h(5). Let i(m) = -4*m**2 - 44*m + 45. Let x be i(-12). Let o = g + x. What is the units digit of o?
4
Let k be 3 - 3 - (16/4 - 4). Suppose -5*b = 25, k = o - 5*b + 2*b - 417. What is the units digit of o?
2
Suppose 12332 = z - x, -2*x + 6243 = 4*z - 43115. What is the ten thousands digit of z?
1
Suppose 20006 = k + 3*o, 0 = 2*k - 3*k - o + 20004. What is the ten thousands digit of k?
2
Let x = -101 - -507. Suppose 8*m - m + x = 0. Let u = m - -79. What is the tens digit of u?
2
Suppose 4*h + 1 = -5*w - 7, -3*h + 1 = 2*w. Let o be 340/h - (-2)/3. Suppose o = 11*m - 227. What is the units digit of m?
1
Let h(a) = -a - 9. Let j be h(-9). Suppose -5*d = -20, 2*o + 4*d - 1154 = -j*o. Suppose o + 46 = 5*p. What is the units digit of p?
3
Let o(r) = r**3 + 8*r**2 - 21*r - 26. Let y be o(-10). What is the tens digit of 20/y - -1 - 10852/(-16)?
7
Let y(s) = 30*s**2 - 97*s - 6. What is the units digit of y(-27)?
3
Let g(d) = -d**3 - d**2 - 3*d - 4. Let m be g(-3). Suppose -22*x - 304 = -m*x. Let n = x + -127. What is the hundreds digit of n?
1
Let f(p) = 3*p**3 - 31*p**2 + 142*p + 266. What is the hundreds digit of f(32)?
3
Let g(j) = -j**2 + 5*j + 12. Let r be g(6). Suppose s = -3*u + 18, -r*u = -u - 10. What is the units digit of (-4)/s + 796/12?
6
Let n(u) = -33*u + 1679. What is the tens digit of n(47)?
2
Suppose 4*s + 877 = 2261. Suppose 7*d + 1193 = s. Let c = -106 - d. What is the units digit of c?
5
Suppose -3*k - k - 16 = 0, -3*q - 16 = 4*k. Suppose -4*u + 2*o + 594 = q, 5*u - 7*o = -3*o + 738. Suppose -8*m - u = -14*m. What is the units digit of m?
5
Suppose 110*k + 340913 = 1262195 + 459768. What is the thousands digit of k?
2
Let o = -62 - -64. Suppose -o*i + i + 150 = 2*w, -772 = -5*i + w. Let t = i - 32. What is the tens digit of t?
2
Let t(w) = 2*w**2 - 7*w + 10. Let q be t(2). Let m be (-3)/(-12)*q*81. Suppose 4*a - m = 559. What is the tens digit of a?
6
Let d(p) = 28*p - 35. Let r(o) = -14*o + 18. Let x(c) = -3*d(c) - 7*r(c). Let g be x(-2). What is the tens digit of 2/7 + (-2975)/g?
6
Let u be (-9)/(-12)*13 - (-30)/(-40). Suppose 6*a + 1530 = u*a. Suppose -4*l + l + a = 0. What is the hundreds digit of l?
1
Let p = -419 + 4269. What is the hundreds digit of p?
8
Let r = -709 - -1232. Let w be (-737)/(-1) + 1 + -3. Let m = w - r. What is the hundreds digit of m?
2
Suppose 4 = -w + m - 14, 2*w + 2*m = -24. Let p(b) = b**3 + 14*b**2 - 29*b - 101. What is the units digit of p(w)?
9
Let j = -7526 + 36560. What is the ten thousands digit of j?
2
Suppose 188 = m + 9. Suppose -8*c + 327 = -545. Let v = m - c. What is the tens digit of v?
7
What is the ten thousands digit of 34899 + (1190/(-153) - (-4)/(-18))?
3
Let r be (12/8)/(6/8) + 3. Suppose -4*v = 3*j - 15, -4*j = -r*v + j + 10. Suppose -v*d = 5*y - 104, d + 0*y = -5*y + 18. What is the units digit of d?
3
Suppose -1411*b = -1395*b - 40896. What is the units digit of b?
6
Let d(x) = x**2 + 37*x + 1161. What is the units digit of d(0)?
1
Let a = -194 + 532. Let g be 20/(-6)*3*24. Let o = g + a. What is the units digit of o?
8
Let z(r) = -9 - 4 + 2*r - 4*r + 5. Let d be z(-6). Suppose -3*o - 4*n = -236, o + 4*o + d*n = 388. What is the units digit of o?
6
What is the ten thousands digit of 25761970/2275 - 4/(-70) - 3?
1
Suppose -6*q - 31 = -55. Suppose -k + 16 = d - 33, -5*d + q*k + 290 = 0. What is the units digit of d?
4
Let b = 86 + 202. Let r = b + -171. Suppose 0 = o - r + 19. What is the tens digit of o?
9
Let r(n) = 7*n**3 + 60*n**2 + 54*n - 52. Let o(u) = 3*u**3 + 31*u**2 + 27*u - 25. Let k(x) = -5*o(x) + 2*r(x). What is the units digit of k(-35)?
6
Let v(k) = k**2 + 6*k - 31. Let h be v(-13). Suppose -7*f + 1010 - 86 = 0. Suppose 0 = -z + h + f. What is the tens digit of z?
9
Let w = 630 + -626. Suppose -356 = -w*q - 4*k, -q - 2*k - 77 = -2*q. What is the tens digit of q?
8
Let c = 11494 + -5518. What is the units digit of c?
6
Let g(r) = 0 - 100*r + 0 + 17 + 59. What is the hundreds digit of g(-14)?
4
Suppose -2*g + g + 3*z = -1062, z = 4. Let h = 2521 - g. What is the units digit of h?
7
Let b = 74 + 150. Let z = 17 - 14. Suppose -5*m + m = 2*f - b, z*f - 220 = -4*m. What is the units digit of m?
8
Suppose 0 = 6*q - 8*q - 128. Let k = q + 82. What is the tens digit of (3 + (-15)/(-9))/(1/k)?
8
Let t = 3 - 5. Let j = -1438 - -1427. What is the units digit of (j/t)/(5/120)?
2
Let w be (450/(-27))/((-6)/(-9)). Let z be (w - -25)/(-1 - (-1 + 2)). Suppose -j - 4*y + 58 = z, -4*j - 2*y + 271 = y. What is the units digit of j?
0
Let z(o) = -o**3 + 24*o**2 - 46*o + 48. Let f be z(22). Suppose 5*i - 270 = 5*u, -2*i - f*u = -9*u - 114. What is the units digit of i?
2
Suppose w + 2*o = 39842, 112503 = 2*w + o + 32795. What is the thousands digit of w?
9
Let m = -6463 + 38011. What is the hundreds digit of m?
5
Let u(i) be the first derivative of 0*i**3 - 1/4*i**4 + 46 + 7*i**2 - 2*i. What is the units digit of u(-7)?
3
Let z = -6146 + 16032. What is the units digit of z?
6
Let u be (22 - 21)/((-2)/(-6)). Suppose u*n - 5*b = -10*b + 20, -b = -3*n + 14. Suppose 36 = 4*j - 4*g, -n*j + g = -21 - 20. What is the units digit of j?
8
Suppose 5*k - 16 = -2*g - 0*g, 0 = -k - 3*g + 11. Let x(w) = 168*w**3 + 3*w - 6. What is the units digit of x(k)?
4
Let t(l) = 13*l**2 + 35*l + 62. What is the units digit of t(23)?
4
Let f = -8979 - -9351. What is the tens digit of f?
7
Let q be (368/(-69))/((-4)/1614). Let r = 3351 - q. What is the thousands digit of r?
1
Suppose 4*f - 8 - 6 = -2*g, g + 3*f = 9. Let z be 17 + (0 - g - -1). Let m = z + -8. What is the units digit of m?
7
Let a(f) be the second derivative of 13*f**4/12 - 109*f**3/6 - 12*f**2 + 60*f. What is the units digit of a(14)?
8
Let z(b) = -102*b - 15. Let u(o) = 308*o + 44. Let g(d) = 6*u(d) + 17*z(d). What is the hundreds digit of g(1)?
1
Let k = 1715 + 22503. What is the thousands digit of k?
4
Let b(z) = z**3 + 13*z**2 - 28*z + 30. Let 